{"id":3553,"date":"2020-05-21T11:14:16","date_gmt":"2020-05-21T11:14:16","guid":{"rendered":"http:\/\/centredebienetreholistique.com\/?page_id=3553"},"modified":"2021-05-04T17:46:01","modified_gmt":"2021-05-04T17:46:01","slug":"atelier-cardiologie-holistique","status":"publish","type":"page","link":"https:\/\/centredebienetreholistique.com\/?page_id=3553","title":{"rendered":"Formation en Cardiologie Holistique"},"content":{"rendered":"","protected":true},"excerpt":{"rendered":"","protected":true},"author":1,"featured_media":0,"parent":0,"menu_order":0,"comment_status":"open","ping_status":"open","template":"","meta":{"footnotes":""},"jetpack_sharing_enabled":true,"jetpack_shortlink":"https:\/\/wp.me\/P4FfFc-Vj","jetpack_likes_enabled":true,"jetpack-related-posts":[{"id":4066,"url":"https:\/\/centredebienetreholistique.com\/?page_id=4066","url_meta":{"origin":3553,"position":0},"title":"Cardiologie Holistique: ouvrage","author":"centredebienetreholistique","date":"June 6, 2020","format":false,"excerpt":"Nous avions fini un ouvrage de plus de 500 pages muni de centaines de notes de r\u00e9f\u00e9rence sur un nouveau type de cardiologie qui s'appelle la cardiologie holistique. Cette science est fond\u00e9e. Toutefois, la plupart des experts en cardiologie conventionnelle ignorent ce qui en est. Cet ouvrage sera bient\u00f4t disponible.","rel":"","context":"Similar post","block_context":{"text":"Similar post","link":""},"img":{"alt_text":"","src":"","width":0,"height":0},"classes":[]},{"id":480,"url":"https:\/\/centredebienetreholistique.com\/?page_id=480","url_meta":{"origin":3553,"position":1},"title":"Stage-Retraite: M\u00e9decine Holistique, M\u00e9decine R\u00e9g\u00e9n\u00e9rative et la Science de la Long\u00e9vit\u00e9 Optimale","author":"centredebienetreholistique","date":"June 2, 2015","format":false,"excerpt":"CONTENU Formation holistique (avec protocoles) concernant les grandes maladies chroniques,, le vieillissement acc\u00e9l\u00e9r\u00e9, la long\u00e9vit\u00e9 optimale, la m\u00e9decine r\u00e9g\u00e9n\u00e9rative, l'alimentation clinique, la m\u00e9decine orientale et de droit m\u00e9dical. ORIGINALIT\u00c9 L'originalit\u00e9 de cet enseignement repose sur une perspective holistique et innovante. Ce programme met l'accent sur les voies d'activation du potentiel\u2026","rel":"","context":"Similar post","block_context":{"text":"Similar post","link":""},"img":{"alt_text":"","src":"","width":0,"height":0},"classes":[]},{"id":10456,"url":"https:\/\/centredebienetreholistique.com\/?page_id=10456","url_meta":{"origin":3553,"position":2},"title":"Formation en M\u00e9decine Holistique","author":"centredebienetreholistique","date":"May 13, 2021","format":false,"excerpt":"En cours de construction","rel":"","context":"With 2 comments","block_context":{"text":"With 2 comments","link":"https:\/\/centredebienetreholistique.com\/?page_id=10456#comments"},"img":{"alt_text":"","src":"","width":0,"height":0},"classes":[]},{"id":873,"url":"https:\/\/centredebienetreholistique.com\/?page_id=873","url_meta":{"origin":3553,"position":3},"title":"Pour Qui et Pourquoi une Formation et un S\u00e9jour Holistique ?","author":"centredebienetreholistique","date":"June 17, 2015","format":false,"excerpt":"Dans le coeur de la Catalogne fran\u00e7aise, entre la M\u00e9diterran\u00e9e et le sommet Mont Canigou, dans un environnement montagneux et ensolleill\u00e9, pr\u00e8s d'une chute d'eau vivifiante et reposante, se trouve le Centre M\u00e9diterran\u00e9en de Bien-Etre Holistique. Les activit\u00e9s du Centre sont destin\u00e9es aux personnes aspirant \u00e0 une approche holistique de\u2026","rel":"","context":"Similar post","block_context":{"text":"Similar post","link":""},"img":{"alt_text":"","src":"","width":0,"height":0},"classes":[]},{"id":3523,"url":"https:\/\/centredebienetreholistique.com\/?page_id=3523","url_meta":{"origin":3553,"position":4},"title":"Equipe","author":"centredebienetreholistique","date":"May 20, 2020","format":false,"excerpt":"Pendant 8 ans, le Centre \u00e9tait ferm\u00e9. Revenu en France, le directeur-fondateur est en train de restorer l'\u00e9co-lieu et d'organsier une nouvelle \u00e9quipe ainsi que des \u00a0ateliers et stages de formation en m\u00e9decine holistique et dans la science de la biog\u00e9rontologie holistique. Nous sommes sp\u00e9cialis\u00e9s dans l'approche holistique de la\u2026","rel":"","context":"Similar post","block_context":{"text":"Similar post","link":""},"img":{"alt_text":"","src":"","width":0,"height":0},"classes":[]},{"id":409,"url":"https:\/\/centredebienetreholistique.com\/?page_id=409","url_meta":{"origin":3553,"position":5},"title":"Atelier maladies chroniques vues au travers de la m\u00e9decine holistique","author":"centredebienetreholistique","date":"May 8, 2015","format":false,"excerpt":"1. La magnitude et la prolif\u00e9ration des maladies chroniques (dont plus de cent maladies auto-immunes) et les limites de la m\u00e9decine allopathique officielle en la mati\u00e8re. 2. Techniques holistiques en mati\u00e8re de maladies chroniques: principes de base. 3. \u00c9tude de cas: diab\u00e8te et ost\u00e9o-arthritisme. Les faits montrent que le diab\u00e8te\u2026","rel":"","context":"Similar post","block_context":{"text":"Similar post","link":""},"img":{"alt_text":"","src":"","width":0,"height":0},"classes":[]}],"_links":{"self":[{"href":"https:\/\/centredebienetreholistique.com\/index.php?rest_route=\/wp\/v2\/pages\/3553"}],"collection":[{"href":"https:\/\/centredebienetreholistique.com\/index.php?rest_route=\/wp\/v2\/pages"}],"about":[{"href":"https:\/\/centredebienetreholistique.com\/index.php?rest_route=\/wp\/v2\/types\/page"}],"author":[{"embeddable":true,"href":"https:\/\/centredebienetreholistique.com\/index.php?rest_route=\/wp\/v2\/users\/1"}],"replies":[{"embeddable":true,"href":"https:\/\/centredebienetreholistique.com\/index.php?rest_route=%2Fwp%2Fv2%2Fcomments&post=3553"}],"version-history":[{"count":2,"href":"https:\/\/centredebienetreholistique.com\/index.php?rest_route=\/wp\/v2\/pages\/3553\/revisions"}],"predecessor-version":[{"id":10129,"href":"https:\/\/centredebienetreholistique.com\/index.php?rest_route=\/wp\/v2\/pages\/3553\/revisions\/10129"}],"wp:attachment":[{"href":"https:\/\/centredebienetreholistique.com\/index.php?rest_route=%2Fwp%2Fv2%2Fmedia&parent=3553"}],"curies":[{"name":"wp","href":"https:\/\/api.w.org\/{rel}","templated":true}]}}

Nous avions fini un ouvrage de plus de 500 pages muni de centaines de notes de référence sur un nouveau type de cardiologie qui s'appelle la cardiologie holistique. Cette science est fondée. Toutefois, la plupart des experts en cardiologie conventionnelle ignorent ce qui en est. Cet ouvrage sera bientôt disponible.

Stage-Retraite: Médecine Holistique, Médecine Régénérative et la Science de la Longévité Optimale

CONTENU Formation holistique (avec protocoles) concernant les grandes maladies chroniques,, le vieillissement accéléré, la longévité optimale, la médecine régénérative, l'alimentation clinique, la médecine orientale et de droit médical. ORIGINALITÉ L'originalité de cet enseignement repose sur une perspective holistique et innovante. Ce programme met l'accent sur les voies d'activation du potentiel…

Formation en Médecine Holistique

Pour Qui et Pourquoi une Formation et un Séjour Holistique ?

Dans le coeur de la Catalogne française, entre la Méditerranée et le sommet Mont Canigou, dans un environnement montagneux et ensolleillé, près d'une chute d'eau vivifiante et reposante, se trouve le Centre Méditerranéen de Bien-Etre Holistique. Les activités du Centre sont destinées aux personnes aspirant à une approche holistique de…

Pendant 8 ans, le Centre était fermé. Revenu en France, le directeur-fondateur est en train de restorer l'éco-lieu et d'organsier une nouvelle équipe ainsi que des  ateliers et stages de formation en médecine holistique et dans la science de la biogérontologie holistique. Nous sommes spécialisés dans l'approche holistique de la…

Atelier maladies chroniques vues au travers de la médecine holistique

1. La magnitude et la prolifération des maladies chroniques (dont plus de cent maladies auto-immunes) et les limites de la médecine allopathique officielle en la matière. 2. Techniques holistiques en matière de maladies chroniques: principes de base. 3. Étude de cas: diabète et ostéo-arthritisme. Les faits montrent que le diabète…
