{"id":3529,"date":"2020-05-20T22:22:28","date_gmt":"2020-05-20T22:22:28","guid":{"rendered":"http:\/\/centredebienetreholistique.com\/?page_id=3529"},"modified":"2024-08-11T14:04:09","modified_gmt":"2024-08-11T14:04:09","slug":"therapies","status":"publish","type":"page","link":"https:\/\/centredebienetreholistique.com\/?page_id=3529","title":{"rendered":"Th\u00e9rapies Bien-etre Holistiques"},"content":{"rendered":"<p style=\"text-align: justify;\">La m\u00e9decine holistique se fonde sur les avanc\u00e9es scientifiques et m\u00e9dicales (ie, &#8220;medical breakthroughs&#8221;) depuis des mill\u00e9naires. Elle\u00a0vise la globalit\u00e9 de l&#8217;etre humain afin de <strong>maintenir son bien-\u00eatre-etre et son m\u00e9tabolisme de centenaire.<\/strong>. Cette m\u00e9decine dispose de milliers de th\u00e9rapies et techniques diff\u00e9rentes. Toutes sont destin\u00e9es a<strong> revitaliser l&#8217;\u00e9nergie primordiale, (ou Chi en m\u00e9decine chinoise) le m\u00e9tabolisme et les diff\u00e9rents syst\u00e8mes d&#8217;hom\u00e9ostasies du patient<\/strong>, gr\u00e2ce \u00e0 quoi les d\u00e9s\u00e9quilibres et maladies puissent s&#8217;estomper.<\/p>\n<p style=\"text-align: justify;\">La m\u00e9decine holistique est aussi une <strong>correction des exc\u00e8s et des insuffisances de la m\u00e9decine conventionnelle ainsi que des th\u00e9rapies alternative<\/strong> fond\u00e9e sur des erreurs, les conflits d&#8217;int\u00e9ret et les dogmes en science, \u00a0en tenant compte<strong> la chaine de causalit\u00e9 de toute pathologie,<\/strong> y compris les causes qui viennent de l&#8217;environnement, du bio-terrain, des relations humaines, tout ce qui touche au physique, \u00e0 l&#8217; \u00e9motionnel et \u00a0au mental \u00a0ou l&#8217;esprit (ce qui inclus \u00e0 la spiritualit\u00e9).<\/p>\n<p style=\"text-align: justify;\">A contrario, la m\u00e9decine allopathique conventionnelle est essentiellement une &#8220;m\u00e9decine&#8221; des urgences, de nature chimique, relativement jeune et qui vise davantage les sympt\u00f4mes \u00a0que les causes d&#8217;une maladie. D&#8217;apr\u00e8s plusieurs \u00e9tudes publi\u00e9es, la m\u00e9decine officielle est au moins la <a href=\"http:\/\/www.huffingtonpost.com\/allen-frances\/why-are-medical-mistakes-_b_5888408.html\">troisi\u00e8me cause de d\u00e9c\u00e8s pr\u00e9matur\u00e9 (\u00e9vitable) <\/a>,\u00a0et l&#8217;une des premi\u00e8res causes de la banqueroute de l&#8217;Etat provoquant par l\u00e0 beaucoup de mal-etre<span style=\"font-weight: bold;\">. <\/span><\/p>\n<p style=\"text-align: justify;\">Bien qu&#8217;utile voire indispensable pour les urgences et certaines pathologies et d\u00e9sordres cong\u00e9nitaux, \u00a0les autorit\u00e9s de la m\u00e9decine conventionnelle doivent \u00e0 terme incorporer le paradigme holistique et ses th\u00e9rapies fond\u00e9es sur la m\u00e9decine reg\u00e9n\u00e9rative et \u00e9nerg\u00e9tique av\u00e9r\u00e9es afin d&#8217;att\u00e9nuer la pand\u00e9mie actuelle des pathologies et d\u00e9c\u00e8s iatrog\u00e8nes de son syst\u00e8me de soin.<\/p>\n<h6 style=\"color: #262626; text-align: center;\">Texte en Construction<\/h6>\n<h6 style=\"color: #262626; text-align: center;\">Disclaimer<\/h6>\n<h6 style=\"color: #262626; text-align: center;\"><span style=\"color: #000000;\">Toutes les informations de ce site sont de nature \u00e9ducative et ne constituent en aucun cas des conseils juridiques, m\u00e9dicaux ou techniques. Les liens fournis ne constituent pas une approbation formelle. Nous sommes un Centre d&#8217;\u00c9ducation qui propose des options, des solutions innovantes et holistiques aux impasses et aux dogmes de certaines pratiques alternatives et officielles en\u00a0<\/span><span style=\"color: #000000;\">m\u00e9decine<\/span><span style=\"color: #000000;\">\u00a0 et ce, sur le fondement de la science, du droit, de la pratique internationale et de la raison. Nous ne sommes pas une clinique. Nous ne diagnostiquons ni traitons aucune maladie. Au contraire, nous proposons les meilleures informations dans la science de la long\u00e9vit\u00e9 pour retarder, compresser, pr\u00e9venir voire gu\u00e9rir \u00a0(quand c&#8217;est possible) \u00a0les maladies chroniques en activant l&#8217;\u00e9pig\u00e9n\u00e9tique, \u00a0la force vitale, les g\u00e8nes de la long\u00e9vit\u00e9 et les pathways de la biologie supercentenaire tout en apportant l&#8217;\u00e9claircissement n\u00e9cessaire au consentement des patients, \u00a0ce que l&#8217;on appelle, &#8220;informed consent&#8221;.<\/span><\/h6>\n<h6 style=\"color: #262626; text-align: center;\">2024 (c) Le Centre M\u00e9diterran\u00e9en t de Long\u00e9vit\u00e9 \u00a0et agents<\/h6>\n","protected":false},"excerpt":{"rendered":"<p>La m\u00e9decine holistique se fonde sur les avanc\u00e9es scientifiques et m\u00e9dicales (ie, &#8220;medical breakthroughs&#8221;) depuis des mill\u00e9naires. Elle\u00a0vise la globalit\u00e9 de l&#8217;etre humain afin de maintenir son bien-\u00eatre-etre et son m\u00e9tabolisme de centenaire.. Cette m\u00e9decine dispose de milliers de th\u00e9rapies &hellip;<\/p>\n<p class=\"read-more\"> <a class=\"more-link\" href=\"https:\/\/centredebienetreholistique.com\/?page_id=3529\"> <span class=\"screen-reader-text\">Th\u00e9rapies Bien-etre Holistiques<\/span> Read More &raquo;<\/a><\/p>\n","protected":false},"author":1,"featured_media":0,"parent":0,"menu_order":0,"comment_status":"open","ping_status":"open","template":"","meta":{"footnotes":""},"jetpack_sharing_enabled":true,"jetpack_shortlink":"https:\/\/wp.me\/P4FfFc-UV","jetpack_likes_enabled":true,"jetpack-related-posts":[{"id":141,"url":"https:\/\/centredebienetreholistique.com\/?page_id=141","url_meta":{"origin":3529,"position":0},"title":"Atelier droit m\u00e9dical","author":"centredebienetreholistique","date":"December 24, 2014","format":false,"excerpt":"FORMATION EN DROIT M\u00c9DICAL R\u00c9GISSANT LES DROITS ET DEVOIRS DES PATIENTS ET DES PROFESSIONNELS DE LA SANT\u00c9 INTRODUCTION \"Les attaques contre les m\u00e9decines alternatives se multiplient. Pr\u00e9texte : elles serviraient de paravents aux sectes. L\u2019hom\u00e9opathie et l\u2019anthroposophie sont vis\u00e9es. La pens\u00e9e unique cherche \u00e0 imposer sa loi, en m\u00e9decine comme\u2026","rel":"","context":"Similar post","block_context":{"text":"Similar post","link":""},"img":{"alt_text":"","src":"","width":0,"height":0},"classes":[]},{"id":143,"url":"https:\/\/centredebienetreholistique.com\/?page_id=143","url_meta":{"origin":3529,"position":1},"title":"Coaching et Formation Pr\u00e9liminaire en canc\u00e9rologie holistique","author":"centredebienetreholistique","date":"December 24, 2014","format":false,"excerpt":"Introduction \"Nous ne pr\u00e9tendons pas r\u00e9soudre le probl\u00e8me du cancer \u00e0 100 pourcent, mais nous avons la conviction qu'il le serait au moins \u00e0 80 pourcent si les techniques pr\u00e9ventives et curatives \u00e9voqu\u00e9es dans les pages qui vont suivre \u00e9taient mises en oeuvre de mani\u00e8re usuelle\". Dr Joseph L\u00e9vy, \"Les\u2026","rel":"","context":"Similar post","block_context":{"text":"Similar post","link":""},"img":{"alt_text":"","src":"","width":0,"height":0},"classes":[]},{"id":166,"url":"https:\/\/centredebienetreholistique.com\/?page_id=166","url_meta":{"origin":3529,"position":2},"title":"Mission du Centre Pyr\u00e9n\u00e9en","author":"centredebienetreholistique","date":"December 24, 2014","format":false,"excerpt":"Dans le coeur de la Catalogne, entre la M\u00e9diterran\u00e9e et le Mont Canigou, se situe le Centre Pyr\u00e9n\u00e9en \u00a0dont la mission repose sur le maintien du bien-\u00eatre holistique gra\u00e7e \u00e0 trois activit\u00e9s: 1) ateliers et \u00e9ducation en bien-\u00eatre, 2) agriculture soutenable et 3) protection et promotion des libert\u00e9s fondamentales. \u00a0Gra\u00e7e\u2026","rel":"","context":"Similar post","block_context":{"text":"Similar post","link":""},"img":{"alt_text":"","src":"","width":0,"height":0},"classes":[]},{"id":409,"url":"https:\/\/centredebienetreholistique.com\/?page_id=409","url_meta":{"origin":3529,"position":3},"title":"Atelier maladies chroniques vues au travers de la m\u00e9decine holistique","author":"centredebienetreholistique","date":"May 8, 2015","format":false,"excerpt":"1. La magnitude et la prolif\u00e9ration des maladies chroniques (dont plus de cent maladies auto-immunes) et les limites de la m\u00e9decine allopathique officielle en la mati\u00e8re. 2. Techniques holistiques en mati\u00e8re de maladies chroniques: principes de base. 3. \u00c9tude de cas: diab\u00e8te et ost\u00e9o-arthritisme. Les faits montrent que le diab\u00e8te\u2026","rel":"","context":"Similar post","block_context":{"text":"Similar post","link":""},"img":{"alt_text":"","src":"","width":0,"height":0},"classes":[]},{"id":11162,"url":"https:\/\/centredebienetreholistique.com\/?page_id=11162","url_meta":{"origin":3529,"position":4},"title":"La m\u00e9decine R\u00e9g\u00e9n\u00e9rative est au centre de la Nouvelle M\u00e9decine Holistique","author":"centredebienetreholistique","date":"June 21, 2021","format":false,"excerpt":"Dans le cadre de la long\u00e9vit\u00e9 optimale voire du rajeunissement, nous avons la m\u00e9decine r\u00e9g\u00e9n\u00e9rative, qui est une nouvelle discipline m\u00e9dicale qui est enseign\u00e9e dans les facult\u00e9s de m\u00e9decine progressistes, surtout aux Etats-Unis. Vu son int\u00e9r\u00eat, qui ne peut que grandir avec le temps, comme la m\u00e9decine quantique, la m\u00e9decine\u2026","rel":"","context":"Similar post","block_context":{"text":"Similar post","link":""},"img":{"alt_text":"","src":"","width":0,"height":0},"classes":[]},{"id":10136,"url":"https:\/\/centredebienetreholistique.com\/?page_id=10136","url_meta":{"origin":3529,"position":5},"title":"Avertissements sur  les Risques d&#8217;utiliser ce Site et la M\u00e9decine Officielle","author":"centredebienetreholistique","date":"May 5, 2021","format":false,"excerpt":"Avertissement G\u00e9n\u00e9ral Le Centre M\u00e9diterran\u00e9en de Long\u00e9vit\u00e9 \u00a0est avant tout un centre de recherche, d'information, de s\u00e9jour, de stage, de coaching et de formation sur la Science de la Long\u00e9vit\u00e9, y compris trois des \u00e9l\u00e9ments constitutifs de cette science: la m\u00e9decine r\u00e9g\u00e9n\u00e9rative, la m\u00e9decine holistique et la m\u00e9decine traditionnelle chinoise.\u2026","rel":"","context":"Similar post","block_context":{"text":"Similar post","link":""},"img":{"alt_text":"","src":"https:\/\/i0.wp.com\/img.youtube.com\/vi\/rtNfzWAgz84\/0.jpg?resize=350%2C200","width":350,"height":200},"classes":[]}],"_links":{"self":[{"href":"https:\/\/centredebienetreholistique.com\/index.php?rest_route=\/wp\/v2\/pages\/3529"}],"collection":[{"href":"https:\/\/centredebienetreholistique.com\/index.php?rest_route=\/wp\/v2\/pages"}],"about":[{"href":"https:\/\/centredebienetreholistique.com\/index.php?rest_route=\/wp\/v2\/types\/page"}],"author":[{"embeddable":true,"href":"https:\/\/centredebienetreholistique.com\/index.php?rest_route=\/wp\/v2\/users\/1"}],"replies":[{"embeddable":true,"href":"https:\/\/centredebienetreholistique.com\/index.php?rest_route=%2Fwp%2Fv2%2Fcomments&post=3529"}],"version-history":[{"count":9,"href":"https:\/\/centredebienetreholistique.com\/index.php?rest_route=\/wp\/v2\/pages\/3529\/revisions"}],"predecessor-version":[{"id":14355,"href":"https:\/\/centredebienetreholistique.com\/index.php?rest_route=\/wp\/v2\/pages\/3529\/revisions\/14355"}],"wp:attachment":[{"href":"https:\/\/centredebienetreholistique.com\/index.php?rest_route=%2Fwp%2Fv2%2Fmedia&parent=3529"}],"curies":[{"name":"wp","href":"https:\/\/api.w.org\/{rel}","templated":true}]}}