{"id":141,"date":"2014-12-24T00:54:00","date_gmt":"2014-12-24T00:54:00","guid":{"rendered":"http:\/\/centredebienetreholistique.com\/?page_id=141"},"modified":"2018-12-05T05:37:13","modified_gmt":"2018-12-05T05:37:13","slug":"atelier-droit-medical","status":"publish","type":"page","link":"https:\/\/centredebienetreholistique.com\/?page_id=141","title":{"rendered":"Atelier droit m\u00e9dical"},"content":{"rendered":"<h5 style=\"text-align: center;\">FORMATION EN DROIT M\u00c9DICAL R\u00c9GISSANT LES DROITS ET DEVOIRS DES PATIENTS ET DES PROFESSIONNELS DE LA SANT\u00c9<\/h5>\n<h5 style=\"text-align: center;\">INTRODUCTION<\/h5>\n<h6 style=\"text-align: center;\">&#8220;Les attaques contre les m\u00e9decines alternatives se multiplient. Pr\u00e9texte : elles serviraient de paravents aux sectes. L\u2019hom\u00e9opathie et l\u2019anthroposophie sont vis\u00e9es. La pens\u00e9e unique cherche \u00e0 imposer sa loi, en m\u00e9decine comme ailleurs&#8221;. <a href=\"http:\/\/www.medecines-douces.com\/impatient\/259sep99\/sectes.htm\">R\u00e9gis Pluchet (M\u00e9decine douce)<\/a><\/h6>\n<h5 style=\"text-align: justify;\">Pour \u00e9viter de vivre dans la peur et en proc\u00e9dures judiciaires, le th\u00e9rapeute non m\u00e9decin (comme le m\u00e9decin) qui \u00ab d\u00e9vie \u00bb du standard, (provoquant, par l\u00e0 m\u00eame, une \u00abperte de chance \u00bb de \u00ab gu\u00e9rir \u00bb via la m\u00e9decine allopathique) doit connaitre les risques de la profession et mieux se prot\u00e9ger gr\u00e2ce aux instruments juridiques fond\u00e9s sur le consentement \u00e9clair\u00e9 du patient, sur la prudence et sur la science, et ce, sans m\u00e9connaitre la l\u00e9gislation en vigueur, tant fran\u00e7aise qu&#8217;europ\u00e9enne. (Ce qui serait un stress inutile de plus). Le th\u00e9rapeute, le m\u00e9decin et le praticien holistique ont donc besoin de savoir se d\u00e9fendre. De mieux connaitre le fondement scientifique de la m\u00e9decine holistique. Ainsi que les professionnels qui travaillent dans l\u2019industrie de la sant\u00e9 et du bien-\u00eatre holistique. Ainsi, la finalit\u00e9 de cette formation est d\u2019apporter les preuves scientifiques l\u00e9gitimant les techniques holistiques en mati\u00e8re de la sant\u00e9, tout en formant les professionnels de la sant\u00e9 dans l\u2019art de l\u2019esquive judiciaire et la science de la r\u00e9sistance contre tout arbitraire attentatoire aux libert\u00e9s th\u00e9rapeutiques et \u00e0 la sant\u00e9 optimale.<\/h5>\n<h5 style=\"text-align: center;\">LE CONTENU DE LA FORMATION.<\/h5>\n<h5 style=\"text-align: justify;\">1. L&#8217;Histoire du droit et de la m\u00e9decine.<\/h5>\n<h5 style=\"text-align: justify;\">2. Rappel des principes g\u00e9n\u00e9raux du droit m\u00e9dical et les droits et devoirs des acteurs principaux: Pour le patient: l&#8217;acc\u00e8s au dossier m\u00e9dical et \u00e0 ses droits et devoirs fondamentaux en mati\u00e8re de sant\u00e9 optimale. Pour le praticien de la sant\u00e9: Le droit de pratiquer une th\u00e9rapie alternative de son choix \u00e0 condition qu&#8217;elle soit fond\u00e9e en science et voulue par le patient. L\u2019information du malade. Le secret m\u00e9dical. La notion de consentement \u00e9clair\u00e9 et sa formalisation. \u00c9thique et d\u00e9ontologie m\u00e9dicale et autres \u00e9l\u00e9ments. Les droits et devoirs de l&#8217;agent de L&#8217;Etat mandat\u00e9 par le Peuple pour servir la sant\u00e9 publique.<\/h5>\n<h5 style=\"text-align: justify;\">3. La place de la m\u00e9decine alternative et holistique dans nos soci\u00e9t\u00e9s. Un cas sui g\u00e9n\u00e9ris: celle de la France (c.a.d. de ceux et de celles qui controlent la souverainet\u00e9 nationale fran\u00e7aise). Etude d&#8217;une dizaine de cas de &#8220;d\u00e9rive sectaire&#8221; et-ou &#8220;pratique ill\u00e9gale de m\u00e9decine&#8221; sur le fondement d&#8217;une intol\u00e9rance administrative et-ou rejet id\u00e9ologique de la science innovatrice, de la m\u00e9decine alternative et de la culture d\u00e9mocratique.<\/h5>\n<h5 style=\"text-align: justify;\">4. Les risques juridiques pour les professionnels de la sant\u00e9 qui travaillent dans l\u2019industrie et le secteur de la sant\u00e9 holistique (compl\u00e9ments, thalasso, techniques holistiques de bien-\u00eatre etc.).<\/h5>\n<h5 style=\"text-align: justify;\">5. Les risques pour les m\u00e9decins qui d\u00e9vient du standard allopathique. Typologie des diff\u00e9rents risques en responsabilit\u00e9 civile li\u00e9e \u00e0 la pratique holistique m\u00e9dicale.<\/h5>\n<h5 style=\"text-align: justify;\">6. Les instruments juridiques de protection en faveur des professionnels de la sant\u00e9 holistique.<\/h5>\n<h5 style=\"text-align: justify;\">7. Les actes de bien-\u00eatre qui ne rentrent pas dans la nomenclature des actes m\u00e9dicaux r\u00e9sultant de l&#8217;arr\u00eat\u00e9 interminist\u00e9riel du 2 janvier 1962 et autres textes de loi.<\/h5>\n<h5 style=\"text-align: justify;\">8. Comment structurer juridiquement son cabinet m\u00e9dical et son centre de bien-\u00eatre en vue d\u2019\u00e9viter les risques et les plaintes.<\/h5>\n<h5 style=\"text-align: justify;\">9. Devant une plainte du Conseil de l&#8217;Ordre des M\u00e9decins ou du procureur de la R\u00e9publique, quoi faire ?<\/h5>\n<h5 style=\"text-align: justify;\">10. Les recours aupr\u00e8s du Conseil de l&#8217;\u00c9tat et de la Cour Europ\u00e9enne des droits de l&#8217;homme et des libert\u00e9s fondamentales: Jurisprudence. \u00c9tudes de cas.<\/h5>\n<h5 style=\"text-align: justify;\">11. Devant une plainte pour \u201cfaute m\u00e9dicale et n\u00e9gligence\u201d (suivant la mise en \u0153uvre de la m\u00e9decine holistique), comment plaider le standard de la science et les libert\u00e9s th\u00e9rapeutiques. Jurisprudence. \u00c9tudes de cas.<\/h5>\n<h5 style=\"text-align: justify;\">12. Produits dits d\u00e9fectueux, du tabac, aux m\u00e9dicaments, en passant par des compl\u00e9ments et quelques proc\u00e9d\u00e9s m\u00e9caniques et \u00e9lectromagn\u00e9tiques du bien-\u00eatre.<\/h5>\n<h5 style=\"text-align: justify;\">13. Quelle est la situation des libert\u00e9s th\u00e9rapeutiques dans d&#8217;autres pays, notamment en Am\u00e9rique et en Europe. Pourquoi la France est elle retardataire ? Quels sont les devoirs des agents de l&#8217;Etat en mati\u00e8re des libert\u00e9s th\u00e9rapeutiques ?<\/h5>\n<h5 style=\"text-align: justify;\">14. \u00c9mergence d\u2019un nouveau droit, le droit de la m\u00e9decine holistique. Les statistiques et les \u00e9tudes qui montrent que la m\u00e9decine dite allopathique (fond\u00e9e surtout sur la chirurgie, la radiation et les m\u00e9dicaments, c.a.d les mol\u00e9cules chimiques persistantes et puissantes) est soit la premi\u00e8re, soit la troisi\u00e8me cause de d\u00e9c\u00e8s pr\u00e9matur\u00e9e.<\/h5>\n<h5 style=\"text-align: justify;\">15. La m\u00e9decine holistique donnerait-elle un boost dynamique \u00e0 la sant\u00e9 publique et une bouff\u00e9e d&#8217;oxyg\u00e8ne \u00e0 l&#8217;\u00e9conomie ?<\/h5>\n<h5 style=\"text-align: justify;\">16. L&#8217;\u00e9volution de la science, de l&#8217;esp\u00e8ce humaine, de la pens\u00e9e, du droit, de l&#8217;\u00e9thique et de l&#8217;id\u00e9al de la sant\u00e9 optimale et holistique.<\/h5>\n<h5 style=\"text-align: center;\">CONCLUSION<\/h5>\n<h6 style=\"text-align: center;\"><em>&#8220;If A is success in life, then A = x + y + z. Work is x, play is y and z is keeping your mouth shut.&#8221; Einstein<\/em><\/h6>\n<h5 style=\"text-align: justify;\">Le th\u00e9rapeute, le m\u00e9decin et le praticien holistique ont besoin de savoir se d\u00e9fendre. De mieux connaitre le fondement scientifique de la m\u00e9decine holistique. Ainsi que les professionnels qui travaillent dans l\u2019industrie de la sant\u00e9 et du bien-\u00eatre holistique, m\u00eame pour des professionnels travaillant dans le massage, idem pour le canc\u00e9rologue oeuvrant dans la m\u00e9decine holistique, tous ces professionnels de la sant\u00e9 devraient mieux connaitre leurs droits et devoirs en la mati\u00e8re, dont le devoir de critiquer et d&#8217;am\u00e9liorer un syst\u00e8me m\u00e9dical officiel, allopathique qui a tendence \u00e0 d\u00e9river vers le dysfonctionnement et la morbidit\u00e9 \u00e9tant au moins la troisi\u00e8me cause de d\u00e9c\u00e8s pr\u00e9matur\u00e9 et de souffrance collective. Un syst\u00e8me orthodoxe qui n&#8217;est plus en mesure de r\u00e9pondre aux maladies des temps modernes (Voir le propos du Pr\u00e9sident du Comit\u00e9 D&#8217;\u00c9thique) . Et le devoir de critiquer l&#8217;argumentaire (ou la superstition) de tout vrai charlatan, m\u00eame &#8220;alternatif&#8221;, et surtout &#8220;contemporain&#8221; et allopathe, ainsi que tout auteur de proc\u00e9d\u00e9 &#8220;th\u00e9rapeutique&#8221; n\u00e9faste, tout en respectant la dignit\u00e9 et la libert\u00e9 fondamentale d&#8217;association, de la pens\u00e9e, de la recherche et du march\u00e9 du bien-etre. Dans ce cadre, la finalit\u00e9 de cette formation est d\u2019apporter les preuves scientifiques l\u00e9gitimant les techniques holistiques en mati\u00e8re de la sant\u00e9, tout en formant les professionnels de la sant\u00e9 dans l\u2019art judiciaire et la science de la r\u00e9sistance contre tout arbitraire attentatoire aux libert\u00e9s th\u00e9rapeutiques, \u00e0 la sant\u00e9 optimale et \u00e0 une civilisation holistique.<\/h5>\n<h6 style=\"text-align: center;\">2015 (c) Le Centre M\u00e9diterran\u00e9en de Bien-\u00eatre Holistique et ses agents.<\/h6>\n<h6 style=\"text-align: center;\">Avertissements: Toutes les informations de ce site sont de nature \u00e9ducative et ne constituent en aucun cas des conseils juridiques, m\u00e9dicaux ou techniques. Les liens fournis ne constituent pas une approbation formelle.<\/h6>\n<p>&nbsp;<\/p>\n<p>&nbsp;<\/p>\n","protected":false},"excerpt":{"rendered":"<p>FORMATION EN DROIT M\u00c9DICAL R\u00c9GISSANT LES DROITS ET DEVOIRS DES PATIENTS ET DES PROFESSIONNELS DE LA SANT\u00c9 INTRODUCTION &#8220;Les attaques contre les m\u00e9decines alternatives se multiplient. Pr\u00e9texte : elles serviraient de paravents aux sectes. L\u2019hom\u00e9opathie et l\u2019anthroposophie sont vis\u00e9es. La &hellip;<\/p>\n<p class=\"read-more\"> <a class=\"more-link\" href=\"https:\/\/centredebienetreholistique.com\/?page_id=141\"> <span class=\"screen-reader-text\">Atelier droit m\u00e9dical<\/span> Read More &raquo;<\/a><\/p>\n","protected":false},"author":1,"featured_media":0,"parent":0,"menu_order":0,"comment_status":"open","ping_status":"open","template":"full-width-page.php","meta":{"footnotes":""},"jetpack_sharing_enabled":true,"jetpack_shortlink":"https:\/\/wp.me\/P4FfFc-2h","jetpack_likes_enabled":true,"jetpack-related-posts":[{"id":4304,"url":"https:\/\/centredebienetreholistique.com\/?page_id=4304","url_meta":{"origin":141,"position":0},"title":"Qui","author":"centredebienetreholistique","date":"June 12, 2020","format":false,"excerpt":"L'approche, la formation et l'exp\u00e9rience clinique du Coach Christian\u00a0 Une approche scientifique et holistique en m\u00e9decine S'inspirant de sa formation m\u00e9dicale et juridique ainsi que de sa pratique clinique (voir ci-dessous), Coach\u00a0 Christian \u00a0\u00a0examine en d\u00e9tail avec le client toutes les options cr\u00e9dibles pour ce qui est de la meilleure\u2026","rel":"","context":"Similar post","block_context":{"text":"Similar post","link":""},"img":{"alt_text":"","src":"","width":0,"height":0},"classes":[]},{"id":480,"url":"https:\/\/centredebienetreholistique.com\/?page_id=480","url_meta":{"origin":141,"position":1},"title":"Stage-Retraite: M\u00e9decine Holistique, M\u00e9decine R\u00e9g\u00e9n\u00e9rative et la Science de la Long\u00e9vit\u00e9 Optimale","author":"centredebienetreholistique","date":"June 2, 2015","format":false,"excerpt":"CONTENU Formation holistique (avec protocoles) concernant les grandes maladies chroniques,, le vieillissement acc\u00e9l\u00e9r\u00e9, la long\u00e9vit\u00e9 optimale, la m\u00e9decine r\u00e9g\u00e9n\u00e9rative, l'alimentation clinique, la m\u00e9decine orientale et de droit m\u00e9dical. ORIGINALIT\u00c9 L'originalit\u00e9 de cet enseignement repose sur une perspective holistique et innovante. Ce programme met l'accent sur les voies d'activation du potentiel\u2026","rel":"","context":"Similar post","block_context":{"text":"Similar post","link":""},"img":{"alt_text":"","src":"","width":0,"height":0},"classes":[]},{"id":10136,"url":"https:\/\/centredebienetreholistique.com\/?page_id=10136","url_meta":{"origin":141,"position":2},"title":"Avertissements sur  les Risques d&#8217;utiliser ce Site et la M\u00e9decine Officielle","author":"centredebienetreholistique","date":"May 5, 2021","format":false,"excerpt":"Avertissement G\u00e9n\u00e9ral Le Centre M\u00e9diterran\u00e9en de Long\u00e9vit\u00e9 \u00a0est avant tout un centre de recherche, d'information, de s\u00e9jour, de stage, de coaching et de formation sur la Science de la Long\u00e9vit\u00e9, y compris trois des \u00e9l\u00e9ments constitutifs de cette science: la m\u00e9decine r\u00e9g\u00e9n\u00e9rative, la m\u00e9decine holistique et la m\u00e9decine traditionnelle chinoise.\u2026","rel":"","context":"With 2 comments","block_context":{"text":"With 2 comments","link":"https:\/\/centredebienetreholistique.com\/?page_id=10136#comments"},"img":{"alt_text":"","src":"https:\/\/i0.wp.com\/img.youtube.com\/vi\/rtNfzWAgz84\/0.jpg?resize=350%2C200","width":350,"height":200},"classes":[]},{"id":11612,"url":"https:\/\/centredebienetreholistique.com\/?page_id=11612","url_meta":{"origin":141,"position":3},"title":"Responsabilit\u00e9 civile serait engag\u00e9e contre tout forcing m\u00e9dical vaccination Covid","author":"centredebienetreholistique","date":"July 14, 2021","format":false,"excerpt":"En d\u00e9pit du fait qu'il y ait plein d'autres mani\u00e8res de stopper la pand\u00e9mie Covid, y compris avec l'ivermectin et une forte dose de vitamine D, le forcing vaccinal du Gouvernement viole les principes fondamentaux en mati\u00e8re de l'int\u00e9grit\u00e9 physique et du consentement \u00e9clair\u00e9e. En outre, nous avons \u00e0 faire\u2026","rel":"","context":"Similar post","block_context":{"text":"Similar post","link":""},"img":{"alt_text":"","src":"https:\/\/i0.wp.com\/centredebienetreholistique.com\/wp-content\/uploads\/2015\/06\/Screen-Shot-2015-06-10-at-10.06.32-PM-300x271.png?resize=350%2C200","width":350,"height":200},"classes":[]},{"id":3529,"url":"https:\/\/centredebienetreholistique.com\/?page_id=3529","url_meta":{"origin":141,"position":4},"title":"Th\u00e9rapies Bien-etre Holistiques","author":"centredebienetreholistique","date":"May 20, 2020","format":false,"excerpt":"La m\u00e9decine holistique se fonde sur les avanc\u00e9es scientifiques et m\u00e9dicales (ie, \"medical breakthroughs\") depuis des mill\u00e9naires. Elle\u00a0vise la globalit\u00e9 de l'etre humain afin de maintenir son bien-\u00eatre-etre et son m\u00e9tabolisme de centenaire.. Cette m\u00e9decine dispose de milliers de th\u00e9rapies et techniques diff\u00e9rentes. Toutes sont destin\u00e9es a revitaliser l'\u00e9nergie primordiale,\u2026","rel":"","context":"Similar post","block_context":{"text":"Similar post","link":""},"img":{"alt_text":"","src":"","width":0,"height":0},"classes":[]},{"id":9473,"url":"https:\/\/centredebienetreholistique.com\/?page_id=9473","url_meta":{"origin":141,"position":5},"title":"La Garantie du Centre M\u00e9diterran\u00e9en et l&#8217;engagement des Parties","author":"centredebienetreholistique","date":"April 5, 2021","format":false,"excerpt":"La Garantie Si le s\u00e9journant, stagiaire ou coachee (1) met en application les techniques\u00a0 holistiques que nous pr\u00e9conisons, il y aura une optimisation de plusieurs\u00a0marqueurs biologiques\u00a0 de la long\u00e9vit\u00e9 optimale et une r\u00e9duction des bio-marqueurs de la majorit\u00e9 des maladies chroniques et du vieillissement pr\u00e9coce. (voir r\u00e9sultats garantis). Mais il\u2026","rel":"","context":"Similar post","block_context":{"text":"Similar post","link":""},"img":{"alt_text":"","src":"","width":0,"height":0},"classes":[]}],"_links":{"self":[{"href":"https:\/\/centredebienetreholistique.com\/index.php?rest_route=\/wp\/v2\/pages\/141"}],"collection":[{"href":"https:\/\/centredebienetreholistique.com\/index.php?rest_route=\/wp\/v2\/pages"}],"about":[{"href":"https:\/\/centredebienetreholistique.com\/index.php?rest_route=\/wp\/v2\/types\/page"}],"author":[{"embeddable":true,"href":"https:\/\/centredebienetreholistique.com\/index.php?rest_route=\/wp\/v2\/users\/1"}],"replies":[{"embeddable":true,"href":"https:\/\/centredebienetreholistique.com\/index.php?rest_route=%2Fwp%2Fv2%2Fcomments&post=141"}],"version-history":[{"count":6,"href":"https:\/\/centredebienetreholistique.com\/index.php?rest_route=\/wp\/v2\/pages\/141\/revisions"}],"predecessor-version":[{"id":2699,"href":"https:\/\/centredebienetreholistique.com\/index.php?rest_route=\/wp\/v2\/pages\/141\/revisions\/2699"}],"wp:attachment":[{"href":"https:\/\/centredebienetreholistique.com\/index.php?rest_route=%2Fwp%2Fv2%2Fmedia&parent=141"}],"curies":[{"name":"wp","href":"https:\/\/api.w.org\/{rel}","templated":true}]}}